f 12641?
6
What is the thousands digit of 19881?
9
What is the units digit of 19058?
8
What is the thousands digit of 150008?
0
What is the hundreds digit of 15835?
8
What is the ten thousands digit of 32468?
3
What is the hundreds digit of 269?
2
What is the thousands digit of 10434?
0
What is the ten thousands digit of 15616?
1
What is the units digit of 2408?
8
What is the hundreds digit of 10154?
1
What is the thousands digit of 80286?
0
What is the units digit of 4790?
0
What is the tens digit of 1321?
2
What is the hundreds digit of 49079?
0
What is the units digit of 995?
5
What is the hundreds digit of 4288?
2
What is the ten thousands digit of 17755?
1
What is the units digit of 368?
8
What is the hundreds digit of 20185?
1
What is the hundreds digit of 997?
9
What is the tens digit of 6981?
8
What is the hundreds digit of 23665?
6
What is the hundreds digit of 1719?
7
What is the tens digit of 558?
5
What is the hundreds digit of 302?
3
What is the tens digit of 487?
8
What is the hundreds digit of 2995?
9
What is the units digit of 74894?
4
What is the ten thousands digit of 13660?
1
What is the units digit of 6749?
9
What is the thousands digit of 2296?
2
What is the tens digit of 3366?
6
What is the thousands digit of 1447?
1
What is the ten thousands digit of 21339?
2
What is the thousands digit of 3140?
3
What is the tens digit of 952?
5
What is the ten thousands digit of 42490?
4
What is the tens digit of 893?
9
What is the tens digit of 45579?
7
What is the ten thousands digit of 147589?
4
What is the units digit of 10407?
7
What is the units digit of 2553?
3
What is the tens digit of 6432?
3
What is the units digit of 49529?
9
What is the units digit of 14400?
0
What is the ten thousands digit of 22397?
2
What is the units digit of 179?
9
What is the units digit of 61736?
6
What is the hundreds digit of 3189?
1
What is the tens digit of 77371?
7
What is the tens digit of 2790?
9
What is the thousands digit of 2458?
2
What is the ten thousands digit of 25881?
2
What is the units digit of 9951?
1
What is the tens digit of 151?
5
What is the ten thousands digit of 100576?
0
What is the tens digit of 581?
8
What is the units digit of 2604?
4
What is the tens digit of 211?
1
What is the hundreds digit of 251?
2
What is the thousands digit of 3877?
3
What is the hundreds digit of 40252?
2
What is the tens digit of 152364?
6
What is the thousands digit of 15663?
5
What is the ten thousands digit of 21014?
2
What is the tens digit of 2026?
2
What is the hundreds digit of 141?
1
What is the thousands digit of 43170?
3
What is the tens digit of 2402?
0
What is the hundreds digit of 7550?
5
What is the hundreds digit of 49524?
5
What is the tens digit of 67?
6
What is the thousands digit of 38497?
8
What is the thousands digit of 77640?
7
What is the tens digit of 3783?
8
What is the tens digit of 11663?
6
What is the units digit of 2654?
4
What is the ten thousands digit of 92820?
9
What is the hundreds digit of 1328?
3
What is the units digit of 242?
2
What is the hundreds digit of 1973?
9
What is the units digit of 3079?
9
What is the units digit of 5857?
7
What is the tens digit of 78948?
4
What is the thousands digit of 1469?
1
What is the units digit of 34363?
3
What is the hundreds digit of 332?
3
What is the tens digit of 8805?
0
What is the ten thousands digit of 80683?
8
What is the units digit of 986?
6
What is the units digit of 171?
1
What is the thousands digit of 2003?
2
What is the hundreds digit of 50254?
2
What is the tens digit of 10232?
3
What is the units digit of 1261?
1
What is the hundreds digit of 66577?
5
What is the hundreds digit of 24520?
5
What is the units digit of 2661?
1
What is the units digit of 119709?
9
What is the tens digit of 4369?
6
What is the tens digit of 14930?
3
What is the hundreds digit of 9950?
9
What is the hundreds digit of 57222?
2
What is the tens digit of 21913?
1
What is the tens digit of 73?
7
What is the units digit of 485?
5
What is the thousands digit of 2010?
2
What is the tens digit of 1341?
4
What is the ten thousands digit of 53300?
5
What is the ten thousands digit of 17947?
1
What is the ten thousands digit of 11103?
1
What is the hundreds digit of 853?
8
What is the units digit of 134012?
2
What is the thousands digit of 21759?
1
What is the thousands digit of 5515?
5
What is the tens digit of 1583?
8
What is the thousands digit of 85685?
5
What is the tens digit of 2237?
3
What is the hundreds digit of 491?
4
What is the ten thousands digit of 13521?
1
What is the tens digit of 2275?
7
What is the thousands digit of 51602?
1
What is the tens digit of 170?
7
What is the hundreds digit of 935?
9
What is the ten thousands digit of 38208?
3
What is the hundreds digit of 2057?
0
What is the tens digit of 896?
9
What is the units digit of 1539?
9
What is the ten thousands digit of 46891?
4
What is the tens digit of 7311?
1
What is the tens digit of 2465?
6
What is the thousands digit of 4653?
4
What is the units digit of 820?
0
What is the units digit of 170?
0
What is the units digit of 6044?
4
What is the thousands digit of 8289?
8
What is the units digit of 6987?
7
What is the units digit of 7075?
5
What is the thousands digit of 40365?
0
What is the units digit of 130?
0
What is the tens digit of 74323?
2
What is the tens digit of 819?
1
What is the tens digit of 4764?
6
What is the tens digit of 845?
4
What is the units digit of 23983?
3
What is the thousands digit of 8973?
8
What is the hundreds digit of 134877?
8
What is the units digit of 973?
3
What is the tens digit of 1244?
4
What is the ten thousands digit of 13340?
1
What is the units digit of 45683?
3
What is the units digit of 233?
3
What is the hundreds digit of 9032?
0
What is the thousands digit of 3360?
3
What is the hundreds digit of 1085?
0
What is the hundreds digit of 4107?
1
What is the hundreds digit of 4225?
2
What is the thousands digit of 1701?
1
What is the ten thousands digit of 112836?
1
What is the hundreds digit of 23296?
2
What is the tens digit of 449?
4
What is the tens digit of 17?
1
What is the units digit of 1582?
2
What is the hundreds digit of 554?
5
What is the thousands digit of 2224?
2
What is the tens digit of 2321?
2
What is the units digit of 35595?
5
What is the hundreds digit of 9883?
8
What is the thousands digit of 2808?
2
What is the thousands digit of 31237?
1
What is the hundreds digit of 11892?
8
What is the tens digit of 1192?
9
What is the hundreds digit of 26634?
6
What is the hundreds digit of 29814?
8
What is the tens digit of 19718?
1
What is the hundreds digit of 5521?
5
What is the tens digit of 38198?
9
What is the units digit of 27168?
8
What is the tens digit of 483?
8
What is the units digit of 53376?
6
What is the hundreds digit of 47807?
8
What is the units digit of 1663?
3
What is the tens digit of 991?
9
What is the ten thousands digit of 20547?
2
What is the units digit of 1409?
9
What is the units digit of 56?
6
What is the units digit of 4353?
3
What is the hundreds digit of 16679?
6
What is the tens digit of 13008?
0
What is the tens digit of 394?
9
What is the thousands digit of 2943?
2
What is the tens digit of 62380?
8
What is the hundreds digit of 2934?
9
What is the hundreds digit of 1637?
6
What is the tens digit of 854?
5
What is the thousands digit of 5926?
5
What is the units digit of 1063?
3
What is the tens digit of 2492?
9
What is the thousands digit of 12993?
2
What is the units digit of 5466?
6
What is the tens digit of 2879?
7
What is the tens digit of 3116?
1
What is the tens digit of 5084?
8
What is the tens digit of 533?
3
What is the hundred thousands digit of 109782?
1
What is the ten thousands digit of 13920?
1
What is the units digit of 1371?
1
What is the units digit of 4986?
6
What is the thousands digit of 5928?
5
What is the hundreds digit of 352?
3
What is the thousands digit of 73863?
3
What is the hundred thousands digit of 173253?
1
What is the thousands digit of 2133?
2
What is the units digit of 1865?
5
What is the thousands digit of 2529?
2
What is the tens digit of 265?
6
What is the thousands digit of 9364?
9
What is the ten thousands digit of 61068?
6
What is the thousands digit of 81631?
1
What is the tens digit